368894574 is divided by 5425?
5424
What is the remainder when 28262 is divided by 7044?
86
What is the remainder when 5195757 is divided by 1731905?
42
What is the remainder when 46596243 is divided by 5177360?
3
What is the remainder when 1588302 is divided by 56720?
142
Calculate the remainder when 522443 is divided by 87072.
11
Calculate the remainder when 214034555 is divided by 1156.
1155
What is the remainder when 399305 is divided by 399000?
305
Calculate the remainder when 554138 is divided by 2995.
63
Calculate the remainder when 25161429 is divided by 1272.
1269
What is the remainder when 691296 is divided by 1764?
1572
What is the remainder when 721885 is divided by 4216?
949
What is the remainder when 11421073 is divided by 773?
771
Calculate the remainder when 10410991 is divided by 67.
62
Calculate the remainder when 24330893 is divided by 12165444.
5
Calculate the remainder when 48688 is divided by 619.
406
What is the remainder when 40584988 is divided by 40584968?
20
Calculate the remainder when 188570 is divided by 188549.
21
Calculate the remainder when 212103 is divided by 1505.
1403
What is the remainder when 268860 is divided by 6178?
3206
Calculate the remainder when 346140 is divided by 113064.
6948
What is the remainder when 2203007 is divided by 2202959?
48
What is the remainder when 13915506 is divided by 4638497?
15
Calculate the remainder when 1247125 is divided by 111.
40
What is the remainder when 2197028 is divided by 1098388?
252
Calculate the remainder when 56278972 is divided by 511627.
2
What is the remainder when 854382 is divided by 237?
234
What is the remainder when 20514935 is divided by 58782?
17
Calculate the remainder when 47649631 is divided by 3071.
3066
What is the remainder when 767722 is divided by 16689?
28
What is the remainder when 70703372 is divided by 1519?
1517
Calculate the remainder when 1184798 is divided by 1745.
1688
What is the remainder when 306435645 is divided by 2095?
2090
What is the remainder when 13179928 is divided by 100610?
18
What is the remainder when 251807 is divided by 62906?
183
Calculate the remainder when 3542 is divided by 2073.
1469
Calculate the remainder when 276944071 is divided by 76.
71
What is the remainder when 686802 is divided by 32653?
1089
What is the remainder when 15087 is divided by 475?
362
What is the remainder when 16015413 is divided by 65?
63
Calculate the remainder when 328839419 is divided by 18410.
18409
Calculate the remainder when 17067697 is divided by 946.
911
Calculate the remainder when 17024526 is divided by 27.
0
What is the remainder when 433160 is divided by 784?
392
What is the remainder when 43717 is divided by 1689?
1492
Calculate the remainder when 1342627 is divided by 223549.
1333
Calculate the remainder when 36455 is divided by 16327.
3801
Calculate the remainder when 962377 is divided by 17185.
17
What is the remainder when 749504 is divided by 3135?
239
What is the remainder when 52675 is divided by 10464?
355
Calculate the remainder when 97692233 is divided by 102.
101
What is the remainder when 1004297 is divided by 171?
14
What is the remainder when 2379297 is divided by 66?
63
Calculate the remainder when 9209155 is divided by 821.
819
What is the remainder when 377821079 is divided by 133?
132
What is the remainder when 129678 is divided by 64823?
32
What is the remainder when 8040953 is divided by 1321?
26
Calculate the remainder when 1381815 is divided by 2688.
183
What is the remainder when 23677872 is divided by 3759?
3690
What is the remainder when 111794 is divided by 49719?
12356
Calculate the remainder when 25595036 is divided by 60.
56
Calculate the remainder when 22268 is divided by 7336.
260
Calculate the remainder when 113530809 is divided by 71.
34
Calculate the remainder when 127178396 is divided by 8.
4
Calculate the remainder when 156416 is divided by 898.
164
What is the remainder when 114490402 is divided by 1878?
10
Calculate the remainder when 15521561 is divided by 231665.
6
Calculate the remainder when 12102645 is divided by 186.
183
Calculate the remainder when 211736 is divided by 2203.
248
Calculate the remainder when 1943457 is divided by 4319.
4226
Calculate the remainder when 2513947 is divided by 153.
4
Calculate the remainder when 10700083 is divided by 2821.
30
What is the remainder when 2096087 is divided by 1047907?
273
Calculate the remainder when 510842532 is divided by 185.
182
What is the remainder when 65991 is divided by 13177?
106
What is the remainder when 10420885 is divided by 1173?
1126
What is the remainder when 4016821 is divided by 49?
46
Calculate the remainder when 94193 is divided by 585.
8
Calculate the remainder when 11337576 is divided by 218.
50
Calculate the remainder when 73271 is divided by 99.
11
Calculate the remainder when 50042 is divided by 981.
11
Calculate the remainder when 651671 is divided by 202.
19
Calculate the remainder when 26174723 is divided by 38.
19
Calculate the remainder when 195668 is divided by 359.
13
What is the remainder when 1368615 is divided by 1368571?
44
What is the remainder when 2490198 is divided by 77812?
214
What is the remainder when 3593241 is divided by 12879?
0
What is the remainder when 53497 is divided by 50501?
2996
What is the remainder when 3047119 is divided by 234392?
23
Calculate the remainder when 864278 is divided by 1640.
1638
What is the remainder when 2527018 is divided by 1306?
1214
Calculate the remainder when 359494225 is divided by 244.
241
Calculate the remainder when 3575555 is divided by 4.
3
Calculate the remainder when 40800 is divided by 839.
528
Calculate the remainder when 51357 is divided by 25503.
351
What is the remainder when 18291887 is divided by 50670?
17
Calculate the remainder when 4199936 is divided by 13.
0
What is the remainder when 9753 is divided by 2325?
453
What is the remainder when 1451393 is divided by 290243?
178
What is the remainder when 2187914 is divided by 30?
14
Calculate the remainder when 54752665 is divided by 9786.
9781
Calculate the remainder when 1543718 is divided by 12758.
0
Calculate the remainder when 52960 is divided by 50259.
2701
Calculate the remainder when 1295894 is divided by 8307.
2
What is the remainder when 20706270 is divided by 1269?
1266
Calculate the remainder when 1186503 is divided by 12359.
39
What is the remainder when 19559 is divided by 3950?
3759
What is the remainder when 805529 is divided by 14642?
219
What is the remainder when 29567 is divided by 311?
22
What is the remainder when 957694706 is divided by 14?
10
Calculate the remainder when 213618 is divided by 2622.
1236
What is the remainder when 38167796 is divided by 237067?
9
What is the remainder when 116564 is divided by 935?
624
What is the remainder when 1222701 is divided by 152?
13
Calculate the remainder when 2990358 is divided by 13.
7
Calculate the remainder when 466637 is divided by 77766.
41
What is the remainder when 90516 is divided by 471?
84
What is the remainder when 517630117 is divided by 62?
53
What is the remainder when 17172531 is divided by 826?
817
Calculate the remainder when 1134983 is divided by 94579.
35
Calculate the remainder when 566667 is divided by 279553.
7561
Calculate the remainder when 5945028 is divided by 248.
220
Calculate the remainder when 2517127 is divided by 228.
7
Calculate the remainder when 861906 is divided by 3556.
1354
Calculate the remainder when 347830 is divided by 43467.
94
Calculate the remainder when 711361 is divided by 2379.
40
Calculate the remainder when 4249540 is divided by 121414.
50
What is the remainder when 13964510 is divided by 51?
47
Calculate the remainder when 135338 is divided by 134983.
355
Calculate the remainder when 6291994 is divided by 650.
644
What is the remainder when 4681209 is divided by 2205?
2199
What is the remainder when 2079938 is divided by 47268?
146
What is the remainder when 14486573 is divided by 49?
17
Calculate the remainder when 421909352 is divided by 805.
802
What is the remainder when 11987818 is divided by 591?
565
What is the remainder when 33013713 is divided by 174?
171
Calculate the remainder when 459303 is divided by 14268.
2727
What is the remainder when 550741 is divided by 